1)/1)/g). Suppose -3*w - 2*a + 6*a + 79 = t, -5*a = -4*w + 104. What is the tens digit of w?
2
What is the tens digit of (42/49)/(1/14)?
1
Let u(g) = 11*g**3 + g**2. Let j be u(1). Let n = -7 + j. Suppose -3*r + 13 = 2*z + 1, 0 = 2*z + n*r - 8. What is the units digit of z?
9
Let o = -89 + 341. What is the units digit of o?
2
What is the units digit of 27*3/((-45)/(-35))?
3
Let g(q) = -2*q - 5. Let c be g(7). Let w be (-6 - c) + (-1)/(-1). Suppose -p = -0*r + r - w, 5*p = 5*r + 80. What is the tens digit of p?
1
Let x(y) = y + 20. What is the units digit of x(15)?
5
Let f(r) = -r**2 + 4*r - 1. Suppose -4*u - 2*t = -6, 2*u = t - 0*t + 9. Let a be f(u). Suppose 2*k = 6 - a. What is the units digit of k?
2
Suppose 0 = 4*x - 8, 6*j + 4*x = 3*j + 8. Suppose 2*k + j*k - 12 = 0. What is the units digit of k?
6
Let g be ((-5)/10)/((-2)/12). Suppose -g*f + 24 = f. What is the units digit of 28/f - (-1)/3?
5
Let l(x) = -2*x. Let o be l(6). Let a = o + 17. Suppose -u + 5 = n, u + 45 = a*n + 2*u. What is the tens digit of n?
1
What is the units digit of 3/((-17)/6 - -3)?
8
Let p(m) = m**3 - 6*m**2 - 1. Let r be p(6). Let g be 0 - (r*2 + 1). Suppose -4*f - 5*x = -3, -f + 2*x + 3 = -g. What is the units digit of f?
2
Let c = -8 - -10. Suppose -b = 5*h - 21, c*h - 4 = -2*h. What is the tens digit of b?
1
Let i(k) = k**3 + 7*k**2 - k - 11. What is the units digit of i(-5)?
4
Let d(q) = 12*q - 24. What is the units digit of d(6)?
8
What is the hundreds digit of (1*-2)/((-21)/2877)?
2
Let w = -19 + 16. Let c(n) = -4*n + 2. What is the tens digit of c(w)?
1
What is the tens digit of (-32)/15 + 2 - (-1367)/15?
9
Let j = -35 + 61. Let u = j + -17. Let g = u - 2. What is the units digit of g?
7
Let v = 15 + 25. What is the units digit of v?
0
Let y = 288 - 140. What is the units digit of y?
8
Let o(g) = g**2 + g - 2. Let j be o(0). What is the units digit of j*(2 - 15/6)?
1
Let m = 193 - 135. Suppose -4*a - m = -3*i, 0*i - 4*i + 82 = -3*a. What is the tens digit of i?
2
Let k(y) = -2*y - 10. Let a be k(-6). Suppose -2*u = 3*m + a*m - 119, -m + 22 = u. What is the tens digit of m?
2
Let f = 13 - -1. What is the tens digit of f?
1
Let i(z) = -z**3 - 7*z**2 + 5*z - 9. What is the tens digit of i(-9)?
0
Let b(m) = -2*m**2 - 9*m - 9. Let p be b(-6). Let x be ((-4)/6)/(6/p). Let a = 4 - x. What is the units digit of a?
1
Suppose -3*z - 4*h + 48 = -z, -2*h - 72 = -3*z. What is the tens digit of z?
2
Let a be (-1*61)/(-3 - -2). Suppose -3*s + a = -23. What is the tens digit of s?
2
Let p = -10 - -11. Let f be p/(-3) - (-20)/6. Let l = 10 - f. What is the units digit of l?
7
Let a = -6 - -7. Let n be (-2)/(-8) + 51/4. Let h = n + a. What is the tens digit of h?
1
Let l be 12*(130/6)/5. Let y be l*(0 - 2)/(-4). Suppose -2*m = -5*w + y, 9*w + m - 32 = 4*w. What is the units digit of w?
6
Let s be (12 + -2 - 3)*1. What is the tens digit of 4*(182/4)/s?
2
Let o(q) = q**2 - q + 1. Let p be o(2). Let h = -3 + p. Suppose h = -5*c - 4*k + 48, -4*c + 4 = -2*k - 24. What is the units digit of c?
8
Suppose -2*q - 5*j - 21 = -84, j - 75 = -3*q. What is the tens digit of q?
2
Let k = 9 - 6. Suppose w = -k*a - 2*a + 90, -2*w = a - 9. What is the tens digit of a?
1
Let w = -17 + 21. Suppose w*q - 3*q - 34 = 0. What is the units digit of q?
4
Let t(s) = -s**3 + 10*s**2 - 7*s + 4. What is the tens digit of t(9)?
2
Let u(h) = h**2 + 2*h + 10. What is the tens digit of u(6)?
5
What is the units digit of 55/(-30)*-3*6?
3
Suppose 1 = -2*m + 5. Suppose -g + 11 - m = h, -48 = -4*g - h. What is the tens digit of g?
1
Suppose 3*p - 10 = -103. Let w = p - -74. What is the units digit of w?
3
Suppose 0 + 17 = 4*o - 3*h, -4*h - 8 = 2*o. What is the units digit of (26/(o/(-2)))/(-2)?
3
Suppose -5*j = 2*j - 1946. What is the units digit of j?
8
Let g(v) = v - 3. Let f be g(3). What is the units digit of (-1 + f)/(4/(-28))?
7
Let n(t) = -t**2 + 10*t + 16. What is the units digit of n(11)?
5
Let x(q) = 8*q + 0*q**2 - 4*q**2 - 2 + 4*q**2 + q**2. Let y be x(-6). What is the units digit of (y/3)/(8/(-24))?
4
Let h be 93/7 - 2/7. Let d = -5 + h. What is the units digit of d?
8
Let f be 30 + (-3 - (-9)/3). Let k(a) = -a**2 + 8*a - 4. Let y be k(7). Suppose -f = -y*u - 2*u. What is the units digit of u?
6
Suppose 4*x + 0*x - 84 = 0. Let h = 55 + -64. Let j = x + h. What is the units digit of j?
2
Let v(n) = n**3 - 8*n**2 + 2*n - 7. Let m be v(8). Let f = m + -3. What is the units digit of f?
6
What is the units digit of (-7 + (-2)/1)/((-2)/22)?
9
Let a = 57 - -22. What is the units digit of a?
9
Suppose 0 = -4*a - 0*a. Suppose a = 5*w - 116 - 79. What is the units digit of w?
9
Let x(i) = i**3 - 5*i**2 + 2. Let y be x(5). Let h = y + -2. Suppose 0 = 2*z + v - 5, 3*z - v = -h*v + 15. What is the units digit of z?
4
Let w = -1 + 4. Suppose 0 = -m + w*m - 2. What is the units digit of 6 + (2 - (3 - m))?
6
Suppose 43 = 3*m - 254. What is the units digit of m?
9
Suppose -4*x = -2*x. Suppose 0 = -5*u + 20 - x. Suppose 1 - 61 = -u*g. What is the tens digit of g?
1
Let w(f) = f**3 - 9*f**2 + f + 4. Let o be w(9). Suppose o = 3*i - 2*i. What is the tens digit of i?
1
Suppose 268 = 23*k - 19*k. What is the units digit of k?
7
Suppose 46*g = 41*g + 90. What is the tens digit of g?
1
Suppose -4*p - 10 = p. What is the tens digit of (8 - p)/((-2)/(-3))?
1
Let b = 85 - -111. Suppose -3*z = z - b. What is the tens digit of z?
4
Let w(s) = s**3 + 3*s**2 - 2*s - 4. Let y be w(-3). Suppose 0 = -4*a + 3*a. Let i = y - a. What is the units digit of i?
2
Let w be 10/25 - 48/(-5). Suppose 2*t - 14 = w. What is the tens digit of t?
1
Suppose 0 = 3*v - 3*b - 195, 3*v - 7*v + 254 = -2*b. What is the tens digit of v?
6
What is the hundreds digit of (-2)/(-7) - ((-3560)/35 + -5)?
1
Suppose 3*z - d + 7 = -2*z, 3*z - 7 = -5*d. What is the units digit of z/4 + 135/12?
1
Suppose 0 = -35*z + 32*z + 408. What is the units digit of z?
6
Let c(o) = o**3 - 5*o**2 + 5. Let x be c(5). Suppose 2*w + x*l - 60 = -w, 5*w = -5*l + 110. What is the tens digit of w?
2
Let u = -7 - -10. Suppose u = b - 2. Suppose s + 18 = 5*x, -2*x + 6*x - 26 = -b*s. What is the units digit of x?
4
Suppose 0*i + 2*b - 605 = -3*i, 630 = 3*i - 3*b. What is the hundreds digit of i?
2
Suppose -r = -6*a + a + 24, 0 = 4*a - 4*r - 16. Suppose 0 = -a*p + 2*p. Suppose p = 5*g - 29 - 11. What is the units digit of g?
8
Suppose -3*z + 9 = 2*l, 0 = -5*z - 0*z - 3*l + 14. Let b(d) = 2*d**3 - 2*d**2 + 2*d - 1. Let x be b(2). Suppose x = 3*r - z. What is the units digit of r?
4
Suppose l + 3 = 4*l. Suppose 4*t - 3 = l. What is the units digit of t?
1
Suppose -2*z - 3*k = 69, -3 = 5*k - 18. Let b = -14 - z. What is the units digit of b?
5
Let s(n) = -2*n**3 + n**2 - 5*n - 2. What is the tens digit of s(-3)?
7
Suppose -4*u + 303 = -53. What is the tens digit of u?
8
Suppose -4*q = -2*q. Suppose k = -q*k + 3. What is the units digit of 7 + k + (-3)/3?
9
Let m be (10/4)/(14/28). Let d be (3 - 2)*(-4)/(-2). Suppose q + 11 = 3*o, 3*o - d*q - m = 2. What is the units digit of o?
5
Let o be (-115)/(-35) + (-4)/14. Suppose 4*j - j = 2*u - 55, 4*j - 57 = -o*u. What is the units digit of u?
3
Let j = 6 - 4. Suppose 5*n - j*n - 18 = 0. What is the units digit of n?
6
What is the units digit of 1982/6 + 25/(-75)?
0
Let l(i) = -30*i + 4. What is the units digit of l(-2)?
4
What is the hundreds digit of 36/(-54) - (-350)/3?
1
Let n = 4 - -35. What is the units digit of n?
9
Let w(i) = i. Let b be w(1). Let f = 4 + -1. Let t = f - b. What is the units digit of t?
2
Let f be (7 - 2)*2/(-5). Let c = 4 - f. What is the units digit of c?
6
Suppose -48 = 61*s - 65*s. What is the units digit of s?
2
Suppose -26*l + 177 = -23*l. What is the units digit of l?
9
Let h(f) = 194*f**2 - 2*f + 1. What is the tens digit of h(1)?
9
Let b = 8 + -5. Suppose b*s - 4*s = -2*t - 1, 2*t - 2 = 0. Suppose 0 = 3*k - s*g - 3 - 36, 5*g = k - 9. What is the units digit of k?
4
Let i = 139 + -71. What is the units digit of i?
8
Suppose 0 = -15*r + 12*r + 15. Suppose 104 + 76 = r*j. What is the tens digit of j?
3
Let t be -2 + (-1 - -2) + 16. Let b be (-60)/(-6)*(-1)/2. What is the units digit of t*(7/b + 2)?
9
What is the tens digit of 6 + 23 + (0 - 1)?
2
Let r = 78 - 23. What is the units digit of r?
5
Suppose -7 = -f - 29. 